{"id":1033,"date":"2025-08-13T20:56:47","date_gmt":"2025-08-13T20:56:47","guid":{"rendered":"https:\/\/mevic.pt\/ir\/?page_id=1033"},"modified":"2025-12-03T21:20:07","modified_gmt":"2025-12-03T21:20:07","slug":"direitos-de-autor","status":"publish","type":"page","link":"https:\/\/mevic.pt\/ir\/direitos-de-autor\/","title":{"rendered":"Direitos de Autor"},"content":{"rendered":"\n<div style=\"height:30px\" aria-hidden=\"true\" class=\"wp-block-spacer\"><\/div>\n\n\n\n<div class=\"wp-block-columns ticss-019233fd is-layout-flex wp-container-core-columns-is-layout-9d6595d7 wp-block-columns-is-layout-flex\">\n<div class=\"wp-block-column is-layout-flow wp-block-column-is-layout-flow\">\n<h4 class=\"wp-block-heading\"><strong>Utiliza\u00e7\u00e3o comercial<\/strong><\/h4>\n\n\n\n<p>Todos os materiais deste site s\u00e3o, salvo indica\u00e7\u00e3o em contr\u00e1rio, propriedade da \u00a9 2009-2025 MEVIC \u2013 Miss\u00e3o Evang\u00e9lica Intercultural, inscrita no Minist\u00e9rio da Justi\u00e7a, com natureza jur\u00eddica de direito privado sob o NIPC PT592005968 e regulamentada em conformidade com a legisla\u00e7\u00e3o Portuguesa. O cumprimento das restri\u00e7\u00f5es de Direitos de Autor exige que nenhuma parte deste site (escrita, \u00e1udio ou visual) poder\u00e1 ser reproduzida sob qualquer forma sem a permiss\u00e3o por escrito da MEVIC \u2013 Miss\u00e3o Evang\u00e9lica Intercultural, R. Alexandre Herculano 52, Escrit\u00f3rio 3, 2605-015 Belas \u2013 Sintra, Portugal.<\/p>\n\n\n\n<h4 class=\"wp-block-heading\"><strong>Utiliza\u00e7\u00e3o pessoal<\/strong><\/h4>\n\n\n\n<p>No entanto, a limita\u00e7\u00e3o de reprodu\u00e7\u00e3o n\u00e3o pro\u00edbe uso pessoal. Pode visualizar e imprimir partes deste site para uso pessoal. Lembre-se, por favor, que o \u201cuso pessoal\u201d n\u00e3o inclui grandes grupos de pessoas ou a venda dos nossos materiais.<\/p>\n\n\n\n<p>Consulte aqui a nossa <a href=\"https:\/\/mevic.pt\/ir\/privacidade\/\" rel=\"nofollow\">Pol\u00edtica de Privacidade<\/a>. Veja tamb\u00e9m a nossa <a href=\"https:\/\/mevic.pt\/ir\/declaracao-de-fe\/\">Declara\u00e7\u00e3o de F\u00e9<\/a>. Se tem alguma d\u00favida sobre as pol\u00edticas de Privacidade, Declara\u00e7\u00e3o de F\u00e9 e Direitos de Autor (copyright) deste site, por favor contacte-nos.<\/p>\n\n\n\n<h4 class=\"wp-block-heading\">Cr\u00e9ditos<\/h4>\n\n\n\n<p>Video by <a href=\"https:\/\/pixabay.com\/users\/stek59-28818057\/?utm_source=link-attribution&amp;utm_medium=referral&amp;utm_campaign=video&amp;utm_content=205184\">Stefan<\/a> from <a href=\"https:\/\/pixabay.com\/\/?utm_source=link-attribution&amp;utm_medium=referral&amp;utm_campaign=video&amp;utm_content=205184\">Pixabay<\/a><br> <a href=\"https:\/\/br.freepik.com\/fotos-gratis\/vista-aerea-do-centro-de-lisboa-em-um-dia-ensolarado_15432765.htm\">Imagem de wirestock no Freepik<\/a><br>Foto de <a href=\"https:\/\/unsplash.com\/pt-br\/@impatrickt?utm_content=creditCopyText&amp;utm_medium=referral&amp;utm_source=unsplash\">Patrick Tomasso<\/a> na <a href=\"https:\/\/unsplash.com\/pt-br\/fotografias\/lampada-branca-acesa-durante-a-noite-tYRM7Q6kBII?utm_content=creditCopyText&amp;utm_medium=referral&amp;utm_source=unsplash\">Unsplash<\/a><br>Foto de <a href=\"https:\/\/unsplash.com\/pt-br\/@christianlue?utm_content=creditCopyText&amp;utm_medium=referral&amp;utm_source=unsplash\">Christian Lue<\/a> na <a href=\"https:\/\/unsplash.com\/pt-br\/fotografias\/cruz-de-madeira-marrom-no-campo-de-grama-verde-sob-o-ceu-nublado-durante-o-dia-nKZg-YfYh8w?utm_content=creditCopyText&amp;utm_medium=referral&amp;utm_source=unsplash\">Unsplash<\/a><br><a href=\"https:\/\/amathez.com\" target=\"_blank\" rel=\"noreferrer noopener\">Amathez \u2013 Creative Studio<\/a><br><a href=\"https:\/\/themeisle.com\/themes\/neve\/\">Neve<\/a> | Criado com <a href=\"https:\/\/wordpress.org\">WordPress<\/a><\/p>\n<\/div>\n<\/div>\n\n\n<input type=\"button\" value=\"Voltar\" class=\"alg_back_button_input \" style=\"color:#ffffff; border-radius:8px;\" onclick=\"window.history.back()\" \/>\n\n\n\n<div style=\"height:100px\" aria-hidden=\"true\" class=\"wp-block-spacer\"><\/div>\n","protected":false},"excerpt":{"rendered":"<p>Utiliza\u00e7\u00e3o comercial Todos os materiais deste site s\u00e3o, salvo indica\u00e7\u00e3o em contr\u00e1rio, propriedade da \u00a9 2009-2025 MEVIC \u2013 Miss\u00e3o Evang\u00e9lica Intercultural, inscrita no Minist\u00e9rio da Justi\u00e7a, com natureza jur\u00eddica de direito privado sob o NIPC PT592005968 e regulamentada em conformidade com a legisla\u00e7\u00e3o Portuguesa. O cumprimento das restri\u00e7\u00f5es de Direitos de Autor exige que nenhuma&hellip;&nbsp;<\/p>\n","protected":false},"author":1,"featured_media":0,"parent":0,"menu_order":0,"comment_status":"closed","ping_status":"closed","template":"","meta":{"_uag_custom_page_level_css":"","neve_meta_sidebar":"","neve_meta_container":"","neve_meta_enable_content_width":"","neve_meta_content_width":0,"neve_meta_title_alignment":"left","neve_meta_author_avatar":"","neve_post_elements_order":"","neve_meta_disable_header":"","neve_meta_disable_footer":"","neve_meta_disable_title":"off","_themeisle_gutenberg_block_has_review":false,"_vp_format_video_url":"","_vp_image_focal_point":[],"footnotes":""},"class_list":["post-1033","page","type-page","status-publish","hentry"],"uagb_featured_image_src":{"full":false,"thumbnail":false,"medium":false,"medium_large":false,"large":false,"1536x1536":false,"2048x2048":false,"vp_sm":false,"vp_md":false,"vp_lg":false,"vp_xl":false,"vp_sm_popup":false,"vp_md_popup":false,"vp_xl_popup":false,"neve-blog":false},"uagb_author_info":{"display_name":"wpadminmev","author_link":"https:\/\/mevic.pt\/ir\/blog\/author\/wpadminmev\/"},"uagb_comment_info":0,"uagb_excerpt":"Utiliza\u00e7\u00e3o comercial Todos os materiais deste site s\u00e3o, salvo indica\u00e7\u00e3o em contr\u00e1rio, propriedade da \u00a9 2009-2025 MEVIC \u2013 Miss\u00e3o Evang\u00e9lica Intercultural, inscrita no Minist\u00e9rio da Justi\u00e7a, com natureza jur\u00eddica de direito privado sob o NIPC PT592005968 e regulamentada em conformidade com a legisla\u00e7\u00e3o Portuguesa. O cumprimento das restri\u00e7\u00f5es de Direitos de Autor exige que nenhuma&hellip;&nbsp;","_links":{"self":[{"href":"https:\/\/mevic.pt\/ir\/wp-json\/wp\/v2\/pages\/1033","targetHints":{"allow":["GET"]}}],"collection":[{"href":"https:\/\/mevic.pt\/ir\/wp-json\/wp\/v2\/pages"}],"about":[{"href":"https:\/\/mevic.pt\/ir\/wp-json\/wp\/v2\/types\/page"}],"author":[{"embeddable":true,"href":"https:\/\/mevic.pt\/ir\/wp-json\/wp\/v2\/users\/1"}],"replies":[{"embeddable":true,"href":"https:\/\/mevic.pt\/ir\/wp-json\/wp\/v2\/comments?post=1033"}],"version-history":[{"count":23,"href":"https:\/\/mevic.pt\/ir\/wp-json\/wp\/v2\/pages\/1033\/revisions"}],"predecessor-version":[{"id":3400,"href":"https:\/\/mevic.pt\/ir\/wp-json\/wp\/v2\/pages\/1033\/revisions\/3400"}],"wp:attachment":[{"href":"https:\/\/mevic.pt\/ir\/wp-json\/wp\/v2\/media?parent=1033"}],"curies":[{"name":"wp","href":"https:\/\/api.w.org\/{rel}","templated":true}]}}

<div style="height:30px" aria-hidden="true" class="wp-block-spacer"></div>



<div class="wp-block-columns ticss-019233fd is-layout-flex wp-container-core-columns-is-layout-9d6595d7 wp-block-columns-is-layout-flex">
<div class="wp-block-column is-layout-flow wp-block-column-is-layout-flow">
<h4 class="wp-block-heading"><strong>Utilização comercial</strong></h4>



<p>Todos os materiais deste site são, salvo indicação em contrário, propriedade da © 2009-2025 MEVIC – Missão Evangélica Intercultural, inscrita no Ministério da Justiça, com natureza jurídica de direito privado sob o NIPC PT592005968 e regulamentada em conformidade com a legislação Portuguesa. O cumprimento das restrições de Direitos de Autor exige que nenhuma parte deste site (escrita, áudio ou visual) poderá ser reproduzida sob qualquer forma sem a permissão por escrito da MEVIC – Missão Evangélica Intercultural, R. Alexandre Herculano 52, Escritório 3, 2605-015 Belas – Sintra, Portugal.</p>



<h4 class="wp-block-heading"><strong>Utilização pessoal</strong></h4>



<p>No entanto, a limitação de reprodução não proíbe uso pessoal. Pode visualizar e imprimir partes deste site para uso pessoal. Lembre-se, por favor, que o “uso pessoal” não inclui grandes grupos de pessoas ou a venda dos nossos materiais.</p>



<p>Consulte aqui a nossa <a href="https://mevic.pt/ir/privacidade/" rel="nofollow">Política de Privacidade</a>. Veja também a nossa <a href="https://mevic.pt/ir/declaracao-de-fe/">Declaração de Fé</a>. Se tem alguma dúvida sobre as políticas de Privacidade, Declaração de Fé e Direitos de Autor (copyright) deste site, por favor contacte-nos.</p>



<h4 class="wp-block-heading">Créditos</h4>



<p>Video by <a href="https://pixabay.com/users/stek59-28818057/?utm_source=link-attribution&amp;utm_medium=referral&amp;utm_campaign=video&amp;utm_content=205184">Stefan</a> from <a href="https://pixabay.com//?utm_source=link-attribution&amp;utm_medium=referral&amp;utm_campaign=video&amp;utm_content=205184">Pixabay</a><br> <a href="https://br.freepik.com/fotos-gratis/vista-aerea-do-centro-de-lisboa-em-um-dia-ensolarado_15432765.htm">Imagem de wirestock no Freepik</a><br>Foto de <a href="https://unsplash.com/pt-br/@impatrickt?utm_content=creditCopyText&amp;utm_medium=referral&amp;utm_source=unsplash">Patrick Tomasso</a> na <a href="https://unsplash.com/pt-br/fotografias/lampada-branca-acesa-durante-a-noite-tYRM7Q6kBII?utm_content=creditCopyText&amp;utm_medium=referral&amp;utm_source=unsplash">Unsplash</a><br>Foto de <a href="https://unsplash.com/pt-br/@christianlue?utm_content=creditCopyText&amp;utm_medium=referral&amp;utm_source=unsplash">Christian Lue</a> na <a href="https://unsplash.com/pt-br/fotografias/cruz-de-madeira-marrom-no-campo-de-grama-verde-sob-o-ceu-nublado-durante-o-dia-nKZg-YfYh8w?utm_content=creditCopyText&amp;utm_medium=referral&amp;utm_source=unsplash">Unsplash</a><br><a href="https://amathez.com" target="_blank" rel="noreferrer noopener">Amathez – Creative Studio</a><br><a href="https://themeisle.com/themes/neve/">Neve</a> | Criado com <a href="https://wordpress.org">WordPress</a></p>
</div>
</div>


<input type="button" value="Voltar" class="alg_back_button_input " style="color:#ffffff; border-radius:8px;" onclick="window.history.back()" />



<div style="height:100px" aria-hidden="true" class="wp-block-spacer"></div>

<p>Utilização comercial Todos os materiais deste site são, salvo indicação em contrário, propriedade da © 2009-2025 MEVIC – Missão Evangélica Intercultural, inscrita no Ministério da Justiça, com natureza jurídica de direito privado sob o NIPC PT592005968 e regulamentada em conformidade com a legislação Portuguesa. O cumprimento das restrições de Direitos de Autor exige que nenhuma&hellip;&nbsp;</p>

Utilização comercial Todos os materiais deste site são, salvo indicação em contrário, propriedade da © 2009-2025 MEVIC – Missão Evangélica Intercultural, inscrita no Ministério da Justiça, com natureza jurídica de direito privado sob o NIPC PT592005968 e regulamentada em conformidade com a legislação Portuguesa. O cumprimento das restrições de Direitos de Autor exige que nenhuma&hellip;&nbsp;
