{"id":1695,"date":"2025-08-16T22:54:31","date_gmt":"2025-08-16T22:54:31","guid":{"rendered":"https:\/\/mevic.pt\/ir\/?page_id=1695"},"modified":"2025-11-24T12:00:19","modified_gmt":"2025-11-24T12:00:19","slug":"declaracao-de-fe","status":"publish","type":"page","link":"https:\/\/mevic.pt\/ir\/declaracao-de-fe\/","title":{"rendered":"Declara\u00e7\u00e3o de F\u00e9"},"content":{"rendered":"\n<div style=\"height:30px\" aria-hidden=\"true\" class=\"wp-block-spacer\"><\/div>\n\n\n\n<div class=\"wp-block-cover alignfull is-light\" style=\"min-height:600px;aspect-ratio:unset;\"><span aria-hidden=\"true\" class=\"wp-block-cover__background has-nv-light-bg-background-color has-background-dim\"><\/span><div class=\"wp-block-cover__inner-container is-layout-flow wp-block-cover-is-layout-flow\">\n<div class=\"wp-block-uagb-container uagb-block-22b3f8fc alignfull uagb-is-root-container\"><div class=\"uagb-container-inner-blocks-wrap\">\n<div class=\"wp-block-group\" style=\"padding-top:var(--wp--preset--spacing--30);padding-right:var(--wp--preset--spacing--30);padding-bottom:var(--wp--preset--spacing--30);padding-left:var(--wp--preset--spacing--30)\"><div class=\"wp-block-group__inner-container is-layout-flow wp-block-group-is-layout-flow\">\n<div style=\"height:30px\" aria-hidden=\"true\" class=\"wp-block-spacer\"><\/div>\n\n\n\n<p><i class=\"fa fa-crosshairs\" style=\"color:#05b1a9; font-size: 17px; float: left; margin: 8px 8px 4px 0px; vertical-align: top;\"><\/i><strong>Cremos<\/strong> na exist\u00eancia de um \u00fanico Deus eterno, pessoal, inteligente e espiritual, eternamente existente em tr\u00eas pessoas: Pai, Filho e Esp\u00edrito Santo.<\/p>\n\n\n\n<p><i class=\"fa fa-crosshairs\" style=\"color:#05b1a9; font-size: 17px; float: left; margin: 8px 8px 4px 0px; vertical-align: top;\"><\/i><strong>Cremos<\/strong> na soberania e sabedoria de Deus na cria\u00e7\u00e3o e sustento do Universo, na provid\u00eancia, na revela\u00e7\u00e3o e na reden\u00e7\u00e3o.<\/p>\n\n\n\n<p><i class=\"fa fa-crosshairs\" style=\"color:#05b1a9; font-size: 17px; float: left; margin: 8px 8px 4px 0px; vertical-align: top;\"><\/i><strong>Cremos<\/strong> no Senhor Jesus Cristo como Filho Unig\u00e9nito de Deus e coexistente com o Pai, na Sua encarna\u00e7\u00e3o humana, no Seu nascimento virginal, na Sua vida sem pecado, nos seus milagres divinos, no Seu sacrif\u00edcio redentor, na Sua ressurrei\u00e7\u00e3o e ascens\u00e3o corporal, na Sua media\u00e7\u00e3o junto de Deus, na Sua segunda vinda pessoal, vis\u00edvel e em poder e gl\u00f3ria.<\/p>\n\n\n\n<p><i class=\"fa fa-crosshairs\" style=\"color:#05b1a9; font-size: 17px; float: left; margin: 8px 8px 4px 0px; vertical-align: top;\"><\/i><strong>Cremos<\/strong> no Esp\u00edrito Santo, sua personalidade, divindade e atividade, que opera a convers\u00e3o e regenera\u00e7\u00e3o do pecador e lhe concede poder para testemunhar do Evangelho e exercitar dons.<\/p>\n\n\n\n<p><i class=\"fa fa-crosshairs\" style=\"color:#05b1a9; font-size: 17px; float: left; margin: 8px 8px 4px 0px; vertical-align: top;\"><\/i><strong>Cremos<\/strong> na inspira\u00e7\u00e3o divina e total das Escrituras Sagradas, na Sua suprema autoridade como \u00fanica e suficiente regra em mat\u00e9ria de f\u00e9 e de conduta e que n\u00e3o existe qualquer erro ou engano em tudo o que ela declara.<\/p>\n\n\n\n<p><i class=\"fa fa-crosshairs\" style=\"color:#05b1a9; font-size: 17px; float: left; margin: 8px 8px 4px 0px; vertical-align: top;\"><\/i><strong>Cremos<\/strong> que o homem foi criado por Deus \u00e0 Sua imagem, que pecou em Ad\u00e3o, que ca\u00edu do seu primitivo estado de santidade por transgress\u00e3o volunt\u00e1ria e que \u00e9 atualmente um pecador por natureza e escolha, estando, por isso, sob a condena\u00e7\u00e3o de Deus.<\/p>\n\n\n\n<p><i class=\"fa fa-crosshairs\" style=\"color:#05b1a9; font-size: 17px; float: left; margin: 8px 8px 4px 0px; vertical-align: top;\"><\/i><strong>Cremos<\/strong> na salva\u00e7\u00e3o e justifica\u00e7\u00e3o do pecador pelo sacrif\u00edcio expiat\u00f3rio de Jesus Cristo, que se adquire pela f\u00e9 Nele, como uma gra\u00e7a de Deus, independente do m\u00e9rito humano, de boas obras ou de cerim\u00f3nias.<\/p>\n\n\n\n<p><i class=\"fa fa-crosshairs\" style=\"color:#05b1a9; font-size: 17px; float: left; margin: 8px 8px 4px 0px; vertical-align: top;\"><\/i><strong>Cremos<\/strong> na imortalidade da alma, na ressurrei\u00e7\u00e3o corporal de todos os mortos, no ju\u00edzo final do mundo pelo Senhor Jesus Cristo, na eterna condena\u00e7\u00e3o dos n\u00e3o crentes.<\/p>\n\n\n\n<p><i class=\"fa fa-crosshairs\" style=\"color:#05b1a9; font-size: 17px; float: left; margin: 8px 8px 4px 0px; vertical-align: top;\"><\/i><strong>Cremos<\/strong> que a igreja \u00e9 o corpo universal e espiritual de Cristo, cuja cabe\u00e7a \u00e9 Ele, com a miss\u00e3o de pregar o Evangelho no mundo inteiro e que, na sua express\u00e3o local, ela \u00e9 um corpo vivo, uma comunh\u00e3o de crentes congregados para a sua edifica\u00e7\u00e3o, adora\u00e7\u00e3o e proclama\u00e7\u00e3o do evangelho. Cremos tamb\u00e9m que Cristo conferiu \u00e0 sua Igreja, com car\u00e1cter de perman\u00eancia, duas ordenan\u00e7as: o Batismo e a Ceia do Senhor.<\/p>\n\n\n\n<p><i class=\"fa fa-crosshairs\" style=\"color:#05b1a9; font-size: 17px; float: left; margin: 8px 8px 4px 0px; vertical-align: top;\"><\/i><strong>Cremos<\/strong> que \u00e9 dever de todas as igrejas locais e de cada crente em particular esfor\u00e7arem-se por fazer disc\u00edpulos em todas as na\u00e7\u00f5es e proclamarem a toda a criatura a grande salva\u00e7\u00e3o de Deus.<\/p>\n\n\n\n<p><i class=\"fa fa-crosshairs\" style=\"color:#05b1a9; font-size: 17px; float: left; margin: 8px 8px 4px 0px; vertical-align: top;\"><\/i><strong>Cremos<\/strong> que \u00e9 dever de todo o crist\u00e3o servir a Deus em boa mordomia, promover a paz entre todos os homens e a coopera\u00e7\u00e3o entre as igrejas e os irm\u00e3os, tendo em vista a concretiza\u00e7\u00e3o dos grandes objetivos do Reino de Deus.<\/p>\n\n\n\n<div class=\"wp-block-columns is-layout-flex wp-container-core-columns-is-layout-9d6595d7 wp-block-columns-is-layout-flex\">\n<div class=\"wp-block-column is-vertically-aligned-center is-layout-flow wp-block-column-is-layout-flow\" style=\"flex-basis:80%\">\n<p><strong>A MEVIC Miss\u00e3o Evang\u00e9lica InterCultural est\u00e1 filiada na Alian\u00e7a Evang\u00e9lica Portuguesa<\/strong><\/p>\n<\/div>\n\n\n\n<div class=\"wp-block-column is-vertically-aligned-bottom is-layout-flow wp-block-column-is-layout-flow\" style=\"flex-basis:20%\"><div class=\"wp-block-image\">\n<figure class=\"aligncenter size-full\"><a href=\"https:\/\/aliancaevangelica.pt\"><img loading=\"lazy\" decoding=\"async\" width=\"214\" height=\"124\" src=\"https:\/\/mevic.pt\/ir\/wp-content\/uploads\/2025\/08\/partner_aep.png\" alt=\"\" class=\"wp-image-2056\" srcset=\"https:\/\/mevic.pt\/ir\/wp-content\/uploads\/2025\/08\/partner_aep.png 214w, https:\/\/mevic.pt\/ir\/wp-content\/uploads\/2025\/08\/partner_aep-150x87.png 150w\" sizes=\"auto, (max-width: 214px) 100vw, 214px\" \/><\/a><\/figure>\n<\/div><\/div>\n<\/div>\n<\/div><\/div>\n<\/div><\/div>\n<\/div><\/div>\n\n\n\n<div style=\"height:30px\" aria-hidden=\"true\" class=\"wp-block-spacer\"><\/div>\n\n\n<input type=\"button\" value=\"Voltar\" class=\"alg_back_button_input \" style=\"color:#ffffff; border-radius:8px;\" onclick=\"window.history.back()\" \/>\n\n\n\n<div style=\"height:100px\" aria-hidden=\"true\" class=\"wp-block-spacer\"><\/div>\n","protected":false},"excerpt":{"rendered":"","protected":false},"author":1,"featured_media":0,"parent":0,"menu_order":0,"comment_status":"closed","ping_status":"closed","template":"","meta":{"_uag_custom_page_level_css":"","neve_meta_sidebar":"","neve_meta_container":"","neve_meta_enable_content_width":"","neve_meta_content_width":0,"neve_meta_title_alignment":"left","neve_meta_author_avatar":"","neve_post_elements_order":"","neve_meta_disable_header":"","neve_meta_disable_footer":"","neve_meta_disable_title":"off","_themeisle_gutenberg_block_has_review":false,"_vp_format_video_url":"","_vp_image_focal_point":[],"footnotes":""},"class_list":["post-1695","page","type-page","status-publish","hentry"],"uagb_featured_image_src":{"full":false,"thumbnail":false,"medium":false,"medium_large":false,"large":false,"1536x1536":false,"2048x2048":false,"vp_sm":false,"vp_md":false,"vp_lg":false,"vp_xl":false,"vp_sm_popup":false,"vp_md_popup":false,"vp_xl_popup":false,"neve-blog":false},"uagb_author_info":{"display_name":"wpadminmev","author_link":"https:\/\/mevic.pt\/ir\/blog\/author\/wpadminmev\/"},"uagb_comment_info":0,"uagb_excerpt":null,"_links":{"self":[{"href":"https:\/\/mevic.pt\/ir\/wp-json\/wp\/v2\/pages\/1695","targetHints":{"allow":["GET"]}}],"collection":[{"href":"https:\/\/mevic.pt\/ir\/wp-json\/wp\/v2\/pages"}],"about":[{"href":"https:\/\/mevic.pt\/ir\/wp-json\/wp\/v2\/types\/page"}],"author":[{"embeddable":true,"href":"https:\/\/mevic.pt\/ir\/wp-json\/wp\/v2\/users\/1"}],"replies":[{"embeddable":true,"href":"https:\/\/mevic.pt\/ir\/wp-json\/wp\/v2\/comments?post=1695"}],"version-history":[{"count":50,"href":"https:\/\/mevic.pt\/ir\/wp-json\/wp\/v2\/pages\/1695\/revisions"}],"predecessor-version":[{"id":3117,"href":"https:\/\/mevic.pt\/ir\/wp-json\/wp\/v2\/pages\/1695\/revisions\/3117"}],"wp:attachment":[{"href":"https:\/\/mevic.pt\/ir\/wp-json\/wp\/v2\/media?parent=1695"}],"curies":[{"name":"wp","href":"https:\/\/api.w.org\/{rel}","templated":true}]}}

Declaração de Fé

<div style="height:30px" aria-hidden="true" class="wp-block-spacer"></div>



<div class="wp-block-cover alignfull is-light" style="min-height:600px;aspect-ratio:unset;"><span aria-hidden="true" class="wp-block-cover__background has-nv-light-bg-background-color has-background-dim"></span><div class="wp-block-cover__inner-container is-layout-flow wp-block-cover-is-layout-flow">
<div class="wp-block-uagb-container uagb-block-22b3f8fc alignfull uagb-is-root-container"><div class="uagb-container-inner-blocks-wrap">
<div class="wp-block-group" style="padding-top:var(--wp--preset--spacing--30);padding-right:var(--wp--preset--spacing--30);padding-bottom:var(--wp--preset--spacing--30);padding-left:var(--wp--preset--spacing--30)"><div class="wp-block-group__inner-container is-layout-flow wp-block-group-is-layout-flow">
<div style="height:30px" aria-hidden="true" class="wp-block-spacer"></div>



<p><i class="fa fa-crosshairs" style="color:#05b1a9; font-size: 17px; float: left; margin: 8px 8px 4px 0px; vertical-align: top;"></i><strong>Cremos</strong> na existência de um único Deus eterno, pessoal, inteligente e espiritual, eternamente existente em três pessoas: Pai, Filho e Espírito Santo.</p>



<p><i class="fa fa-crosshairs" style="color:#05b1a9; font-size: 17px; float: left; margin: 8px 8px 4px 0px; vertical-align: top;"></i><strong>Cremos</strong> na soberania e sabedoria de Deus na criação e sustento do Universo, na providência, na revelação e na redenção.</p>



<p><i class="fa fa-crosshairs" style="color:#05b1a9; font-size: 17px; float: left; margin: 8px 8px 4px 0px; vertical-align: top;"></i><strong>Cremos</strong> no Senhor Jesus Cristo como Filho Unigénito de Deus e coexistente com o Pai, na Sua encarnação humana, no Seu nascimento virginal, na Sua vida sem pecado, nos seus milagres divinos, no Seu sacrifício redentor, na Sua ressurreição e ascensão corporal, na Sua mediação junto de Deus, na Sua segunda vinda pessoal, visível e em poder e glória.</p>



<p><i class="fa fa-crosshairs" style="color:#05b1a9; font-size: 17px; float: left; margin: 8px 8px 4px 0px; vertical-align: top;"></i><strong>Cremos</strong> no Espírito Santo, sua personalidade, divindade e atividade, que opera a conversão e regeneração do pecador e lhe concede poder para testemunhar do Evangelho e exercitar dons.</p>



<p><i class="fa fa-crosshairs" style="color:#05b1a9; font-size: 17px; float: left; margin: 8px 8px 4px 0px; vertical-align: top;"></i><strong>Cremos</strong> na inspiração divina e total das Escrituras Sagradas, na Sua suprema autoridade como única e suficiente regra em matéria de fé e de conduta e que não existe qualquer erro ou engano em tudo o que ela declara.</p>



<p><i class="fa fa-crosshairs" style="color:#05b1a9; font-size: 17px; float: left; margin: 8px 8px 4px 0px; vertical-align: top;"></i><strong>Cremos</strong> que o homem foi criado por Deus à Sua imagem, que pecou em Adão, que caíu do seu primitivo estado de santidade por transgressão voluntária e que é atualmente um pecador por natureza e escolha, estando, por isso, sob a condenação de Deus.</p>



<p><i class="fa fa-crosshairs" style="color:#05b1a9; font-size: 17px; float: left; margin: 8px 8px 4px 0px; vertical-align: top;"></i><strong>Cremos</strong> na salvação e justificação do pecador pelo sacrifício expiatório de Jesus Cristo, que se adquire pela fé Nele, como uma graça de Deus, independente do mérito humano, de boas obras ou de cerimónias.</p>



<p><i class="fa fa-crosshairs" style="color:#05b1a9; font-size: 17px; float: left; margin: 8px 8px 4px 0px; vertical-align: top;"></i><strong>Cremos</strong> na imortalidade da alma, na ressurreição corporal de todos os mortos, no juízo final do mundo pelo Senhor Jesus Cristo, na eterna condenação dos não crentes.</p>



<p><i class="fa fa-crosshairs" style="color:#05b1a9; font-size: 17px; float: left; margin: 8px 8px 4px 0px; vertical-align: top;"></i><strong>Cremos</strong> que a igreja é o corpo universal e espiritual de Cristo, cuja cabeça é Ele, com a missão de pregar o Evangelho no mundo inteiro e que, na sua expressão local, ela é um corpo vivo, uma comunhão de crentes congregados para a sua edificação, adoração e proclamação do evangelho. Cremos também que Cristo conferiu à sua Igreja, com carácter de permanência, duas ordenanças: o Batismo e a Ceia do Senhor.</p>



<p><i class="fa fa-crosshairs" style="color:#05b1a9; font-size: 17px; float: left; margin: 8px 8px 4px 0px; vertical-align: top;"></i><strong>Cremos</strong> que é dever de todas as igrejas locais e de cada crente em particular esforçarem-se por fazer discípulos em todas as nações e proclamarem a toda a criatura a grande salvação de Deus.</p>



<p><i class="fa fa-crosshairs" style="color:#05b1a9; font-size: 17px; float: left; margin: 8px 8px 4px 0px; vertical-align: top;"></i><strong>Cremos</strong> que é dever de todo o cristão servir a Deus em boa mordomia, promover a paz entre todos os homens e a cooperação entre as igrejas e os irmãos, tendo em vista a concretização dos grandes objetivos do Reino de Deus.</p>



<div class="wp-block-columns is-layout-flex wp-container-core-columns-is-layout-9d6595d7 wp-block-columns-is-layout-flex">
<div class="wp-block-column is-vertically-aligned-center is-layout-flow wp-block-column-is-layout-flow" style="flex-basis:80%">
<p><strong>A MEVIC Missão Evangélica InterCultural está filiada na Aliança Evangélica Portuguesa</strong></p>
</div>



<div class="wp-block-column is-vertically-aligned-bottom is-layout-flow wp-block-column-is-layout-flow" style="flex-basis:20%"><div class="wp-block-image">
<figure class="aligncenter size-full"><a href="https://aliancaevangelica.pt"><img loading="lazy" decoding="async" width="214" height="124" src="https://mevic.pt/ir/wp-content/uploads/2025/08/partner_aep.png" alt="" class="wp-image-2056" srcset="https://mevic.pt/ir/wp-content/uploads/2025/08/partner_aep.png 214w, https://mevic.pt/ir/wp-content/uploads/2025/08/partner_aep-150x87.png 150w" sizes="auto, (max-width: 214px) 100vw, 214px" /></a></figure>
</div></div>
</div>
</div></div>
</div></div>
</div></div>



<div style="height:30px" aria-hidden="true" class="wp-block-spacer"></div>


<input type="button" value="Voltar" class="alg_back_button_input " style="color:#ffffff; border-radius:8px;" onclick="window.history.back()" />



<div style="height:100px" aria-hidden="true" class="wp-block-spacer"></div>
