{"id":1909,"date":"2025-08-18T19:36:19","date_gmt":"2025-08-18T19:36:19","guid":{"rendered":"https:\/\/mevic.pt\/ir\/?page_id=1909"},"modified":"2025-11-25T12:45:36","modified_gmt":"2025-11-25T12:45:36","slug":"erica-garbino","status":"publish","type":"page","link":"https:\/\/mevic.pt\/ir\/quem-somos\/erica-garbino\/","title":{"rendered":"\u00c9rica Garbino"},"content":{"rendered":"\n<div style=\"height:30px\" aria-hidden=\"true\" class=\"wp-block-spacer\"><\/div>\n\n\n\n<div class=\"wp-block-cover alignfull is-light\"><span aria-hidden=\"true\" class=\"wp-block-cover__background has-neve-link-hover-color-background-color has-background-dim\"><\/span><div class=\"wp-block-cover__inner-container is-layout-flow wp-block-cover-is-layout-flow\">\n<div class=\"wp-block-group\"><div class=\"wp-block-group__inner-container is-layout-flow wp-block-group-is-layout-flow\">\n<div style=\"height:80px\" aria-hidden=\"true\" class=\"wp-block-spacer\"><\/div>\n\n\n\n<div class=\"wp-block-columns is-layout-flex wp-container-core-columns-is-layout-9d6595d7 wp-block-columns-is-layout-flex\">\n<div class=\"wp-block-column is-vertically-aligned-top is-layout-flow wp-block-column-is-layout-flow\" style=\"flex-basis:30%\"><div class=\"wp-block-image\">\n<figure class=\"aligncenter size-full has-custom-border\"><img decoding=\"async\" src=\"https:\/\/mevic.pt\/ir\/wp-content\/uploads\/2025\/08\/04-225x225-2.jpg\" alt=\"\" class=\"wp-image-492\" style=\"border-radius:100%;object-fit:cover\"\/><\/figure>\n<\/div><\/div>\n\n\n\n<div class=\"wp-block-column is-vertically-aligned-top is-layout-flow wp-block-column-is-layout-flow\" style=\"flex-basis:70%\">\n<p class=\"has-neve-text-color-color has-text-color\">Erica Lopes Garbino \u00e9 mission\u00e1ria da Sepal em Portugal. Serve no Minist\u00e9rio Pit Stop (minist\u00e9rio de cuidado de l\u00edderes, pastores e mission\u00e1rios) e na secretaria da MEVIC. Foi mission\u00e1ria em contexto mu\u00e7ulmano em \u00c1frica. Trabalhou por 6 anos numa ag\u00eancia mission\u00e1ria no Brasil na parte administrativa, treinamento e envio de equipes mission\u00e1rias. Atuou no minist\u00e9rio de cuidado O\u00e1sis (An\u00e1polis-GO) e em frentes mission\u00e1rias na cidade de Bauru (SP). \u00c9 formada em Hist\u00f3ria e cursou p\u00f3s em Aconselhamento Crist\u00e3o. Casada com Paulo Garbino e m\u00e3e de&nbsp;2 filhos.<\/p>\n\n\n\n<h3 class=\"wp-block-heading has-text-align-center has-neve-text-color-color has-text-color\"><small><small>Servi\u00e7os Administrativos<\/small><\/small><\/h3>\n\n\n\n<div style=\"height:20px\" aria-hidden=\"true\" class=\"wp-block-spacer\"><\/div>\n\n\n\n<div class=\"wp-block-uagb-buttons uagb-buttons__outer-wrap uagb-btn__default-btn uagb-btn-tablet__default-btn uagb-btn-mobile__default-btn uagb-block-247410f8\"><div class=\"uagb-buttons__wrap uagb-buttons-layout-wrap \">\n<div class=\"wp-block-uagb-buttons-child uagb-buttons__outer-wrap uagb-block-353f3dd9 wp-block-button\"><div class=\"uagb-button__wrapper\"><a class=\"uagb-buttons-repeater wp-block-button__link\" aria-label=\"\" href=\"https:\/\/mevic.pt\/ir\/quem-somos\/#a-equipa\" rel=\"follow noopener\" target=\"_self\" role=\"button\"><div class=\"uagb-button__link\">Voltar<\/div><\/a><\/div><\/div>\n<\/div><\/div>\n<\/div>\n<\/div>\n\n\n\n<div style=\"height:100px\" aria-hidden=\"true\" class=\"wp-block-spacer\"><\/div>\n<\/div><\/div>\n<\/div><\/div>\n","protected":false},"excerpt":{"rendered":"","protected":false},"author":1,"featured_media":0,"parent":61,"menu_order":0,"comment_status":"closed","ping_status":"closed","template":"","meta":{"_uag_custom_page_level_css":"","neve_meta_sidebar":"default","neve_meta_container":"","neve_meta_enable_content_width":"on","neve_meta_content_width":100,"neve_meta_title_alignment":"","neve_meta_author_avatar":"","neve_post_elements_order":"","neve_meta_disable_header":"","neve_meta_disable_footer":"","neve_meta_disable_title":"off","_themeisle_gutenberg_block_has_review":false,"_vp_format_video_url":"","_vp_image_focal_point":[],"footnotes":""},"class_list":["post-1909","page","type-page","status-publish","hentry"],"uagb_featured_image_src":{"full":false,"thumbnail":false,"medium":false,"medium_large":false,"large":false,"1536x1536":false,"2048x2048":false,"vp_sm":false,"vp_md":false,"vp_lg":false,"vp_xl":false,"vp_sm_popup":false,"vp_md_popup":false,"vp_xl_popup":false,"neve-blog":false},"uagb_author_info":{"display_name":"wpadminmev","author_link":"https:\/\/mevic.pt\/ir\/blog\/author\/wpadminmev\/"},"uagb_comment_info":0,"uagb_excerpt":null,"_links":{"self":[{"href":"https:\/\/mevic.pt\/ir\/wp-json\/wp\/v2\/pages\/1909","targetHints":{"allow":["GET"]}}],"collection":[{"href":"https:\/\/mevic.pt\/ir\/wp-json\/wp\/v2\/pages"}],"about":[{"href":"https:\/\/mevic.pt\/ir\/wp-json\/wp\/v2\/types\/page"}],"author":[{"embeddable":true,"href":"https:\/\/mevic.pt\/ir\/wp-json\/wp\/v2\/users\/1"}],"replies":[{"embeddable":true,"href":"https:\/\/mevic.pt\/ir\/wp-json\/wp\/v2\/comments?post=1909"}],"version-history":[{"count":18,"href":"https:\/\/mevic.pt\/ir\/wp-json\/wp\/v2\/pages\/1909\/revisions"}],"predecessor-version":[{"id":3310,"href":"https:\/\/mevic.pt\/ir\/wp-json\/wp\/v2\/pages\/1909\/revisions\/3310"}],"up":[{"embeddable":true,"href":"https:\/\/mevic.pt\/ir\/wp-json\/wp\/v2\/pages\/61"}],"wp:attachment":[{"href":"https:\/\/mevic.pt\/ir\/wp-json\/wp\/v2\/media?parent=1909"}],"curies":[{"name":"wp","href":"https:\/\/api.w.org\/{rel}","templated":true}]}}

Érica Garbino

<div style="height:30px" aria-hidden="true" class="wp-block-spacer"></div>



<div class="wp-block-cover alignfull is-light"><span aria-hidden="true" class="wp-block-cover__background has-neve-link-hover-color-background-color has-background-dim"></span><div class="wp-block-cover__inner-container is-layout-flow wp-block-cover-is-layout-flow">
<div class="wp-block-group"><div class="wp-block-group__inner-container is-layout-flow wp-block-group-is-layout-flow">
<div style="height:80px" aria-hidden="true" class="wp-block-spacer"></div>



<div class="wp-block-columns is-layout-flex wp-container-core-columns-is-layout-9d6595d7 wp-block-columns-is-layout-flex">
<div class="wp-block-column is-vertically-aligned-top is-layout-flow wp-block-column-is-layout-flow" style="flex-basis:30%"><div class="wp-block-image">
<figure class="aligncenter size-full has-custom-border"><img decoding="async" src="https://mevic.pt/ir/wp-content/uploads/2025/08/04-225x225-2.jpg" alt="" class="wp-image-492" style="border-radius:100%;object-fit:cover"/></figure>
</div></div>



<div class="wp-block-column is-vertically-aligned-top is-layout-flow wp-block-column-is-layout-flow" style="flex-basis:70%">
<p class="has-neve-text-color-color has-text-color">Erica Lopes Garbino é missionária da Sepal em Portugal. Serve no Ministério Pit Stop (ministério de cuidado de líderes, pastores e missionários) e na secretaria da MEVIC. Foi missionária em contexto muçulmano em África. Trabalhou por 6 anos numa agência missionária no Brasil na parte administrativa, treinamento e envio de equipes missionárias. Atuou no ministério de cuidado Oásis (Anápolis-GO) e em frentes missionárias na cidade de Bauru (SP). É formada em História e cursou pós em Aconselhamento Cristão. Casada com Paulo Garbino e mãe de&nbsp;2 filhos.</p>



<h3 class="wp-block-heading has-text-align-center has-neve-text-color-color has-text-color"><small><small>Serviços Administrativos</small></small></h3>



<div style="height:20px" aria-hidden="true" class="wp-block-spacer"></div>



<div class="wp-block-uagb-buttons uagb-buttons__outer-wrap uagb-btn__default-btn uagb-btn-tablet__default-btn uagb-btn-mobile__default-btn uagb-block-247410f8"><div class="uagb-buttons__wrap uagb-buttons-layout-wrap ">
<div class="wp-block-uagb-buttons-child uagb-buttons__outer-wrap uagb-block-353f3dd9 wp-block-button"><div class="uagb-button__wrapper"><a class="uagb-buttons-repeater wp-block-button__link" aria-label="" href="https://mevic.pt/ir/quem-somos/#a-equipa" rel="follow noopener" target="_self" role="button"><div class="uagb-button__link">Voltar</div></a></div></div>
</div></div>
</div>
</div>



<div style="height:100px" aria-hidden="true" class="wp-block-spacer"></div>
</div></div>
</div></div>
