{"id":2398,"date":"2025-10-12T21:32:19","date_gmt":"2025-10-12T21:32:19","guid":{"rendered":"https:\/\/mevic.pt\/ir\/?page_id=2398"},"modified":"2025-11-25T12:44:56","modified_gmt":"2025-11-25T12:44:56","slug":"josue-ponte","status":"publish","type":"page","link":"https:\/\/mevic.pt\/ir\/quem-somos\/josue-ponte\/","title":{"rendered":"Josu\u00e9 da Ponte"},"content":{"rendered":"\n<div style=\"height:30px\" aria-hidden=\"true\" class=\"wp-block-spacer\"><\/div>\n\n\n\n<div class=\"wp-block-cover alignfull is-light\"><span aria-hidden=\"true\" class=\"wp-block-cover__background has-neve-link-hover-color-background-color has-background-dim\"><\/span><div class=\"wp-block-cover__inner-container is-layout-flow wp-block-cover-is-layout-flow\">\n<div class=\"wp-block-group\"><div class=\"wp-block-group__inner-container is-layout-flow wp-block-group-is-layout-flow\">\n<div style=\"height:80px\" aria-hidden=\"true\" class=\"wp-block-spacer\"><\/div>\n\n\n\n<div class=\"wp-block-columns is-layout-flex wp-container-core-columns-is-layout-9d6595d7 wp-block-columns-is-layout-flex\">\n<div class=\"wp-block-column is-vertically-aligned-top is-layout-flow wp-block-column-is-layout-flow\" style=\"flex-basis:30%\"><div class=\"wp-block-image\">\n<figure class=\"aligncenter size-full has-custom-border\"><img loading=\"lazy\" decoding=\"async\" width=\"225\" height=\"225\" src=\"https:\/\/mevic.pt\/ir\/wp-content\/uploads\/2025\/08\/02-225x225-1.jpg\" alt=\"\" class=\"wp-image-476\" style=\"border-radius:100%;object-fit:cover\" srcset=\"https:\/\/mevic.pt\/ir\/wp-content\/uploads\/2025\/08\/02-225x225-1.jpg 225w, https:\/\/mevic.pt\/ir\/wp-content\/uploads\/2025\/08\/02-225x225-1-150x150.jpg 150w\" sizes=\"auto, (max-width: 225px) 100vw, 225px\" \/><\/figure>\n<\/div><\/div>\n\n\n\n<div class=\"wp-block-column is-vertically-aligned-top is-layout-flow wp-block-column-is-layout-flow\" style=\"flex-basis:70%\">\n<p class=\"has-neve-text-color-color has-text-color\">Josu\u00e9 da Ponte \u00e9 casado com Isabel Cristina e tem tr\u00eas filhos, o Josias, Daniel e a Miriam. Graduado do Instituto B\u00edblico das Assembleias de Deus, foi mission\u00e1rio no baixo Alentejo onde plantou Igrejas em Pias, Serpa, Cuba, Ferreira do Alentejo e serviu na revitaliza\u00e7\u00e3o da Assembleia de Deus em \u00c9vora. Fundador do minist\u00e9rio Jesus \u00e9 a Resposta, minist\u00e9rio de apoio aos mission\u00e1rios e evangeliza\u00e7\u00e3o do interior. Foi professor da disciplina de Educa\u00e7\u00e3o Moral Religiosa Evang\u00e9lica em Serpa. Atualmente \u00e9 Pastor presidente na Assembleia de Deus de Lisboa, presidente da regi\u00e3o da grande Lisboa das Assembleias de Deus, vice-presidente do Minist\u00e9rio Jesus \u00e9 a Resposta e Diretor Executivo da Miss\u00e3o Evang\u00e9lica Intercultural (MEVIC)<\/p>\n\n\n\n<h3 class=\"wp-block-heading has-text-align-center has-neve-text-color-color has-text-color\"><small><small>Diretor Executivo<\/small><\/small><\/h3>\n\n\n\n<div style=\"height:20px\" aria-hidden=\"true\" class=\"wp-block-spacer\"><\/div>\n\n\n\n<div class=\"wp-block-uagb-buttons uagb-buttons__outer-wrap uagb-btn__default-btn uagb-btn-tablet__default-btn uagb-btn-mobile__default-btn uagb-block-247410f8\"><div class=\"uagb-buttons__wrap uagb-buttons-layout-wrap \">\n<div class=\"wp-block-uagb-buttons-child uagb-buttons__outer-wrap uagb-block-353f3dd9 wp-block-button\"><div class=\"uagb-button__wrapper\"><a class=\"uagb-buttons-repeater wp-block-button__link\" aria-label=\"\" href=\"https:\/\/mevic.pt\/ir\/quem-somos\/#a-equipa\" rel=\"follow noopener\" target=\"_self\" role=\"button\"><div class=\"uagb-button__link\">Voltar<\/div><\/a><\/div><\/div>\n<\/div><\/div>\n<\/div>\n<\/div>\n\n\n\n<div style=\"height:100px\" aria-hidden=\"true\" class=\"wp-block-spacer\"><\/div>\n<\/div><\/div>\n<\/div><\/div>\n","protected":false},"excerpt":{"rendered":"","protected":false},"author":1,"featured_media":0,"parent":61,"menu_order":0,"comment_status":"closed","ping_status":"closed","template":"","meta":{"_uag_custom_page_level_css":"","neve_meta_sidebar":"default","neve_meta_container":"","neve_meta_enable_content_width":"on","neve_meta_content_width":100,"neve_meta_title_alignment":"left","neve_meta_author_avatar":"","neve_post_elements_order":"","neve_meta_disable_header":"","neve_meta_disable_footer":"","neve_meta_disable_title":"off","_themeisle_gutenberg_block_has_review":false,"_vp_format_video_url":"","_vp_image_focal_point":[],"footnotes":""},"class_list":["post-2398","page","type-page","status-publish","hentry"],"uagb_featured_image_src":{"full":false,"thumbnail":false,"medium":false,"medium_large":false,"large":false,"1536x1536":false,"2048x2048":false,"vp_sm":false,"vp_md":false,"vp_lg":false,"vp_xl":false,"vp_sm_popup":false,"vp_md_popup":false,"vp_xl_popup":false,"neve-blog":false},"uagb_author_info":{"display_name":"wpadminmev","author_link":"https:\/\/mevic.pt\/ir\/blog\/author\/wpadminmev\/"},"uagb_comment_info":0,"uagb_excerpt":null,"_links":{"self":[{"href":"https:\/\/mevic.pt\/ir\/wp-json\/wp\/v2\/pages\/2398","targetHints":{"allow":["GET"]}}],"collection":[{"href":"https:\/\/mevic.pt\/ir\/wp-json\/wp\/v2\/pages"}],"about":[{"href":"https:\/\/mevic.pt\/ir\/wp-json\/wp\/v2\/types\/page"}],"author":[{"embeddable":true,"href":"https:\/\/mevic.pt\/ir\/wp-json\/wp\/v2\/users\/1"}],"replies":[{"embeddable":true,"href":"https:\/\/mevic.pt\/ir\/wp-json\/wp\/v2\/comments?post=2398"}],"version-history":[{"count":23,"href":"https:\/\/mevic.pt\/ir\/wp-json\/wp\/v2\/pages\/2398\/revisions"}],"predecessor-version":[{"id":3308,"href":"https:\/\/mevic.pt\/ir\/wp-json\/wp\/v2\/pages\/2398\/revisions\/3308"}],"up":[{"embeddable":true,"href":"https:\/\/mevic.pt\/ir\/wp-json\/wp\/v2\/pages\/61"}],"wp:attachment":[{"href":"https:\/\/mevic.pt\/ir\/wp-json\/wp\/v2\/media?parent=2398"}],"curies":[{"name":"wp","href":"https:\/\/api.w.org\/{rel}","templated":true}]}}

Josué da Ponte

<div style="height:30px" aria-hidden="true" class="wp-block-spacer"></div>



<div class="wp-block-cover alignfull is-light"><span aria-hidden="true" class="wp-block-cover__background has-neve-link-hover-color-background-color has-background-dim"></span><div class="wp-block-cover__inner-container is-layout-flow wp-block-cover-is-layout-flow">
<div class="wp-block-group"><div class="wp-block-group__inner-container is-layout-flow wp-block-group-is-layout-flow">
<div style="height:80px" aria-hidden="true" class="wp-block-spacer"></div>



<div class="wp-block-columns is-layout-flex wp-container-core-columns-is-layout-9d6595d7 wp-block-columns-is-layout-flex">
<div class="wp-block-column is-vertically-aligned-top is-layout-flow wp-block-column-is-layout-flow" style="flex-basis:30%"><div class="wp-block-image">
<figure class="aligncenter size-full has-custom-border"><img loading="lazy" decoding="async" width="225" height="225" src="https://mevic.pt/ir/wp-content/uploads/2025/08/02-225x225-1.jpg" alt="" class="wp-image-476" style="border-radius:100%;object-fit:cover" srcset="https://mevic.pt/ir/wp-content/uploads/2025/08/02-225x225-1.jpg 225w, https://mevic.pt/ir/wp-content/uploads/2025/08/02-225x225-1-150x150.jpg 150w" sizes="auto, (max-width: 225px) 100vw, 225px" /></figure>
</div></div>



<div class="wp-block-column is-vertically-aligned-top is-layout-flow wp-block-column-is-layout-flow" style="flex-basis:70%">
<p class="has-neve-text-color-color has-text-color">Josué da Ponte é casado com Isabel Cristina e tem três filhos, o Josias, Daniel e a Miriam. Graduado do Instituto Bíblico das Assembleias de Deus, foi missionário no baixo Alentejo onde plantou Igrejas em Pias, Serpa, Cuba, Ferreira do Alentejo e serviu na revitalização da Assembleia de Deus em Évora. Fundador do ministério Jesus é a Resposta, ministério de apoio aos missionários e evangelização do interior. Foi professor da disciplina de Educação Moral Religiosa Evangélica em Serpa. Atualmente é Pastor presidente na Assembleia de Deus de Lisboa, presidente da região da grande Lisboa das Assembleias de Deus, vice-presidente do Ministério Jesus é a Resposta e Diretor Executivo da Missão Evangélica Intercultural (MEVIC)</p>



<h3 class="wp-block-heading has-text-align-center has-neve-text-color-color has-text-color"><small><small>Diretor Executivo</small></small></h3>



<div style="height:20px" aria-hidden="true" class="wp-block-spacer"></div>



<div class="wp-block-uagb-buttons uagb-buttons__outer-wrap uagb-btn__default-btn uagb-btn-tablet__default-btn uagb-btn-mobile__default-btn uagb-block-247410f8"><div class="uagb-buttons__wrap uagb-buttons-layout-wrap ">
<div class="wp-block-uagb-buttons-child uagb-buttons__outer-wrap uagb-block-353f3dd9 wp-block-button"><div class="uagb-button__wrapper"><a class="uagb-buttons-repeater wp-block-button__link" aria-label="" href="https://mevic.pt/ir/quem-somos/#a-equipa" rel="follow noopener" target="_self" role="button"><div class="uagb-button__link">Voltar</div></a></div></div>
</div></div>
</div>
</div>



<div style="height:100px" aria-hidden="true" class="wp-block-spacer"></div>
</div></div>
</div></div>
